{"id":1584,"date":"2023-07-23T08:18:04","date_gmt":"2023-07-23T08:18:04","guid":{"rendered":"https:\/\/nakedspirit.ee\/?page_id=1584"},"modified":"2024-12-05T15:29:10","modified_gmt":"2024-12-05T15:29:10","slug":"katrin","status":"publish","type":"page","link":"https:\/\/nakedspirit.ee\/est\/katrin\/","title":{"rendered":"Meie meeskond"},"content":{"rendered":"<div data-elementor-type=\"wp-page\" data-elementor-id=\"1584\" class=\"elementor elementor-1584\" data-elementor-post-type=\"page\">\n\t\t\t\t\t\t<section class=\"elementor-section elementor-top-section elementor-element elementor-element-2a600de elementor-section-boxed elementor-section-height-default elementor-section-height-default\" data-id=\"2a600de\" data-element_type=\"section\" data-e-type=\"section\">\n\t\t\t\t\t\t<div class=\"elementor-container elementor-column-gap-no\">\n\t\t\t\t\t<div class=\"elementor-column elementor-col-100 elementor-top-column elementor-element elementor-element-f70f6c3\" data-id=\"f70f6c3\" data-element_type=\"column\" data-e-type=\"column\">\n\t\t\t<div class=\"elementor-widget-wrap elementor-element-populated\">\n\t\t\t\t\t\t<div class=\"elementor-element elementor-element-d7eba01 elementor-widget__width-initial elementor-widget elementor-widget-heading\" data-id=\"d7eba01\" data-element_type=\"widget\" data-e-type=\"widget\" data-widget_type=\"heading.default\">\n\t\t\t\t<div class=\"elementor-widget-container\">\n\t\t\t\t\t<h1 class=\"elementor-heading-title elementor-size-default\">Kohtu Disaineriga<\/h1>\t\t\t\t<\/div>\n\t\t\t\t<\/div>\n\t\t\t\t<div class=\"elementor-element elementor-element-ff4ba3c elementor-widget elementor-widget-heading\" data-id=\"ff4ba3c\" data-element_type=\"widget\" data-e-type=\"widget\" data-widget_type=\"heading.default\">\n\t\t\t\t<div class=\"elementor-widget-container\">\n\t\t\t\t\t<h4 class=\"elementor-heading-title elementor-size-default\">Katrin Kivi<\/h4>\t\t\t\t<\/div>\n\t\t\t\t<\/div>\n\t\t\t\t<div class=\"elementor-element elementor-element-490ebb3 elementor-widget elementor-widget-heading\" data-id=\"490ebb3\" data-element_type=\"widget\" data-e-type=\"widget\" data-widget_type=\"heading.default\">\n\t\t\t\t<div class=\"elementor-widget-container\">\n\t\t\t\t\t<h6 class=\"elementor-heading-title elementor-size-default\">Naked Spiriti looja<\/h6>\t\t\t\t<\/div>\n\t\t\t\t<\/div>\n\t\t\t\t<div class=\"elementor-element elementor-element-0c5d025 elementor-widget-divider--view-line elementor-widget elementor-widget-divider\" data-id=\"0c5d025\" data-element_type=\"widget\" data-e-type=\"widget\" data-widget_type=\"divider.default\">\n\t\t\t\t<div class=\"elementor-widget-container\">\n\t\t\t\t\t\t\t<div class=\"elementor-divider\">\n\t\t\t<span class=\"elementor-divider-separator\">\n\t\t\t\t\t\t<\/span>\n\t\t<\/div>\n\t\t\t\t\t\t<\/div>\n\t\t\t\t<\/div>\n\t\t\t\t\t<\/div>\n\t\t<\/div>\n\t\t\t\t\t<\/div>\n\t\t<\/section>\n\t\t\t\t<section class=\"elementor-section elementor-top-section elementor-element elementor-element-62yk5nm elementor-section-full_width elementor-section-height-default elementor-section-height-default\" data-id=\"62yk5nm\" data-element_type=\"section\" data-e-type=\"section\" data-settings=\"{&quot;background_background&quot;:&quot;classic&quot;}\">\n\t\t\t\t\t\t<div class=\"elementor-container elementor-column-gap-default\">\n\t\t\t\t\t<div class=\"elementor-column elementor-col-50 elementor-top-column elementor-element elementor-element-9abba43\" data-id=\"9abba43\" data-element_type=\"column\" data-e-type=\"column\" data-settings=\"{&quot;background_background&quot;:&quot;classic&quot;}\">\n\t\t\t<div class=\"elementor-widget-wrap elementor-element-populated\">\n\t\t\t\t\t\t\t<\/div>\n\t\t<\/div>\n\t\t\t\t<div class=\"elementor-column elementor-col-50 elementor-top-column elementor-element elementor-element-f088365\" data-id=\"f088365\" data-element_type=\"column\" data-e-type=\"column\">\n\t\t\t<div class=\"elementor-widget-wrap elementor-element-populated\">\n\t\t\t\t\t\t<div class=\"elementor-element elementor-element-e7d1eaf elementor-widget elementor-widget-heading\" data-id=\"e7d1eaf\" data-element_type=\"widget\" data-e-type=\"widget\" data-widget_type=\"heading.default\">\n\t\t\t\t<div class=\"elementor-widget-container\">\n\t\t\t\t\t<h2 class=\"elementor-heading-title elementor-size-default\">&quot;Ilu on meeleseisund!<\/h2>\t\t\t\t<\/div>\n\t\t\t\t<\/div>\n\t\t\t\t<div class=\"elementor-element elementor-element-6cb9c10 elementor-widget elementor-widget-heading\" data-id=\"6cb9c10\" data-element_type=\"widget\" data-e-type=\"widget\" data-widget_type=\"heading.default\">\n\t\t\t\t<div class=\"elementor-widget-container\">\n\t\t\t\t\t<h4 class=\"elementor-heading-title elementor-size-default\">Ilu on minu jaoks alati olnud midagi enamat kui v\u00e4line omadus. See on seisund, tunne, elamisviis ja olek.\n\nOlen Katrin, Naked Spiriti looja ja disainer, ning juba lapsena teadsin, et tahan luua ilu. Kui olin vaid k\u00fcmnene, otsustasin, et minust saab moedisainer.<\/h4>\t\t\t\t<\/div>\n\t\t\t\t<\/div>\n\t\t\t\t<div class=\"elementor-element elementor-element-01dd3f1 elementor-widget elementor-widget-text-editor\" data-id=\"01dd3f1\" data-element_type=\"widget\" data-e-type=\"widget\" data-widget_type=\"text-editor.default\">\n\t\t\t\t<div class=\"elementor-widget-container\">\n\t\t\t\t\t\t\t\t\t<p>Minu teekond algas Tartu Kunstikoolis, kus \u00f5ppisin maalimist ja arendasin oma loovat vaadet. Sealt suundusin Eesti Kunstiakadeemiasse, kus omandasin BA moedisaini erialal. P\u00e4rast kooli astusin disaineri t\u00f6\u00f6le suurtes ettv\u00f5tets ja t\u00f6\u00f6tasin \u00fcle 15 aasta erinevate tuntud br\u00e4ndide jaoks. See oli aeg, mis \u00f5petas mulle palju r\u00f5ivat\u00f6\u00f6stuse h\u00e4id ja halbu k\u00fclgi n\u00e4gema. Seat tekkiski tasapisi igatsust luua midagi isiklikumat \u2013 midagi, mis oleks ajatu, j\u00e4tkusuutlik ja v\u00e4\u00e4rtusaks ilu.<\/p><p><strong>Naked Spirit r\u00e4\u00e4gib minu lugu. Mustrid, mida kimonotel n\u00e4ete, on saanud alguse kas minu maalidest v\u00f5i digikunstist. Minu jaoks on iga kujundus kui v\u00e4ike kantav kunstiteos. Mulberry siid on ideaalne l\u00f5uend, mis v\u00f5imaldab mul \u00fchendada oma armastuse peene kunsti ja ajatu disaini vastu. See on looming, mis elab ja liigub koos sinuga, muutes iga kimono unikaalseks ja eriliseks. Siis hakkab ta r\u00e4\u00e4kima ka Sinu lugu.<\/strong><\/p><p>Minu jaoks ei ole kimono lihtsalt r\u00f5ivaese. See on austusavaldus igale naisele, tema individuaalsusele ja elegantsile. Iga detail \u2013 alates mustrist kuni l\u00f5ikeni \u2013 on hoolikalt l\u00e4bim\u00f5eldud, et anda edasi tunnet, et oled m\u00e4rgatud ja hinnatud. Mulle meeldib m\u00f5elda, et minu looming pole pelgalt midagi, mida kantakse \u2013 see on midagi, mida tuntakse.<\/p><p>\"Ilu on seisund.\"\nNeed s\u00f5nad kannavad minu loomingut. Naked Spiriti kaudu tahan kinkida naistele midagi enamat kui r\u00f5ivad. Ma tahan kinkida tunde \u2013 selle hetke, kui vaatad peeglisse Sa n\u00e4ed, kui imeline Sa tegelikult oled.<\/p><p>Armastusega,<br \/>Katrin<\/p>\t\t\t\t\t\t\t\t<\/div>\n\t\t\t\t<\/div>\n\t\t\t\t\t<\/div>\n\t\t<\/div>\n\t\t\t\t\t<\/div>\n\t\t<\/section>\n\t\t\t\t<\/div>","protected":false},"excerpt":{"rendered":"<p>Tutvuge disainer Katrin Kiviga, alasti vaimu looja ja kujundajaga \u201cIlu on meeleseisund! Olen Katrin, Naked Spiriti asutaja ja loov j\u00f5ud. Juba noorest peale teadsin, et tahan ilu luua, ja k\u00f5igest 10-aastaselt otsustasin hakata moekunstnikuks. K\u00f5igepealt l\u00f5petasin ma [\u2026]<\/p>","protected":false},"author":1,"featured_media":0,"parent":0,"menu_order":0,"comment_status":"closed","ping_status":"closed","template":"elementor_header_footer","meta":{"_acf_changed":false,"site-sidebar-layout":"no-sidebar","site-content-layout":"page-builder","ast-site-content-layout":"full-width-container","site-content-style":"unboxed","site-sidebar-style":"unboxed","ast-global-header-display":"","ast-banner-title-visibility":"","ast-main-header-display":"","ast-hfb-above-header-display":"","ast-hfb-below-header-display":"","ast-hfb-mobile-header-display":"","site-post-title":"disabled","ast-breadcrumbs-content":"disabled","ast-featured-img":"disabled","footer-sml-layout":"","theme-transparent-header-meta":"enabled","adv-header-id-meta":"","stick-header-meta":"default","header-above-stick-meta":"","header-main-stick-meta":"","header-below-stick-meta":"","astra-migrate-meta-layouts":"set","ast-page-background-enabled":"default","ast-page-background-meta":{"desktop":{"background-color":"var(--ast-global-color-4)","background-image":"","background-repeat":"repeat","background-position":"center center","background-size":"auto","background-attachment":"scroll","background-type":"","background-media":"","overlay-type":"","overlay-color":"","overlay-opacity":"","overlay-gradient":""},"tablet":{"background-color":"","background-image":"","background-repeat":"repeat","background-position":"center center","background-size":"auto","background-attachment":"scroll","background-type":"","background-media":"","overlay-type":"","overlay-color":"","overlay-opacity":"","overlay-gradient":""},"mobile":{"background-color":"","background-image":"","background-repeat":"repeat","background-position":"center center","background-size":"auto","background-attachment":"scroll","background-type":"","background-media":"","overlay-type":"","overlay-color":"","overlay-opacity":"","overlay-gradient":""}},"ast-content-background-meta":{"desktop":{"background-color":"var(--ast-global-color-5)","background-image":"","background-repeat":"repeat","background-position":"center center","background-size":"auto","background-attachment":"scroll","background-type":"","background-media":"","overlay-type":"","overlay-color":"","overlay-opacity":"","overlay-gradient":""},"tablet":{"background-color":"var(--ast-global-color-5)","background-image":"","background-repeat":"repeat","background-position":"center center","background-size":"auto","background-attachment":"scroll","background-type":"","background-media":"","overlay-type":"","overlay-color":"","overlay-opacity":"","overlay-gradient":""},"mobile":{"background-color":"var(--ast-global-color-5)","background-image":"","background-repeat":"repeat","background-position":"center center","background-size":"auto","background-attachment":"scroll","background-type":"","background-media":"","overlay-type":"","overlay-color":"","overlay-opacity":"","overlay-gradient":""}},"footnotes":""},"class_list":["post-1584","page","type-page","status-publish","hentry"],"acf":[],"_links":{"self":[{"href":"https:\/\/nakedspirit.ee\/est\/wp-json\/wp\/v2\/pages\/1584","targetHints":{"allow":["GET"]}}],"collection":[{"href":"https:\/\/nakedspirit.ee\/est\/wp-json\/wp\/v2\/pages"}],"about":[{"href":"https:\/\/nakedspirit.ee\/est\/wp-json\/wp\/v2\/types\/page"}],"author":[{"embeddable":true,"href":"https:\/\/nakedspirit.ee\/est\/wp-json\/wp\/v2\/users\/1"}],"replies":[{"embeddable":true,"href":"https:\/\/nakedspirit.ee\/est\/wp-json\/wp\/v2\/comments?post=1584"}],"version-history":[{"count":3,"href":"https:\/\/nakedspirit.ee\/est\/wp-json\/wp\/v2\/pages\/1584\/revisions"}],"predecessor-version":[{"id":16349,"href":"https:\/\/nakedspirit.ee\/est\/wp-json\/wp\/v2\/pages\/1584\/revisions\/16349"}],"wp:attachment":[{"href":"https:\/\/nakedspirit.ee\/est\/wp-json\/wp\/v2\/media?parent=1584"}],"curies":[{"name":"wp","href":"https:\/\/api.w.org\/{rel}","templated":true}]}}