{"id":9946,"date":"2023-11-11T12:27:50","date_gmt":"2023-11-11T12:27:50","guid":{"rendered":"https:\/\/nakedspirit.ee\/?page_id=9946"},"modified":"2024-12-05T15:37:41","modified_gmt":"2024-12-05T15:37:41","slug":"sustainability","status":"publish","type":"page","link":"https:\/\/nakedspirit.ee\/est\/sustainability\/","title":{"rendered":"J\u00e4tkusuutlikkus"},"content":{"rendered":"<div data-elementor-type=\"wp-page\" data-elementor-id=\"9946\" class=\"elementor elementor-9946\" data-elementor-post-type=\"page\">\n\t\t\t\t\t\t<section class=\"elementor-section elementor-top-section elementor-element elementor-element-4112e31 elementor-section-boxed elementor-section-height-default elementor-section-height-default\" data-id=\"4112e31\" data-element_type=\"section\" data-e-type=\"section\">\n\t\t\t\t\t\t<div class=\"elementor-container elementor-column-gap-no\">\n\t\t\t\t\t<div class=\"elementor-column elementor-col-100 elementor-top-column elementor-element elementor-element-14c6268\" data-id=\"14c6268\" data-element_type=\"column\" data-e-type=\"column\">\n\t\t\t<div class=\"elementor-widget-wrap elementor-element-populated\">\n\t\t\t\t\t\t<div class=\"elementor-element elementor-element-de0cd51 elementor-widget elementor-widget-heading\" data-id=\"de0cd51\" data-element_type=\"widget\" data-e-type=\"widget\" data-widget_type=\"heading.default\">\n\t\t\t\t<div class=\"elementor-widget-container\">\n\t\t\t\t\t<h1 class=\"elementor-heading-title elementor-size-default\">J\u00e4tkusuutlikkus<\/h1>\t\t\t\t<\/div>\n\t\t\t\t<\/div>\n\t\t\t\t<div class=\"elementor-element elementor-element-3ba512b elementor-widget-divider--view-line_icon elementor-view-default elementor-widget-divider--element-align-center elementor-widget elementor-widget-divider\" data-id=\"3ba512b\" data-element_type=\"widget\" data-e-type=\"widget\" data-widget_type=\"divider.default\">\n\t\t\t\t<div class=\"elementor-widget-container\">\n\t\t\t\t\t\t\t<div class=\"elementor-divider\">\n\t\t\t<span class=\"elementor-divider-separator\">\n\t\t\t\t\t\t\t<div class=\"elementor-icon elementor-divider__element\">\n\t\t\t\t\t<svg aria-hidden=\"true\" class=\"e-font-icon-svg e-fas-spa\" viewbox=\"0 0 576 512\" xmlns=\"http:\/\/www.w3.org\/2000\/svg\"><path d=\"M568.25 192c-29.04.13-135.01 6.16-213.84 83-33.12 29.63-53.36 63.3-66.41 94.86-13.05-31.56-33.29-65.23-66.41-94.86-78.83-76.84-184.8-82.87-213.84-83-4.41-.02-7.79 3.4-7.75 7.82.23 27.92 7.14 126.14 88.77 199.3C172.79 480.94 256 480 288 480s115.19.95 199.23-80.88c81.64-73.17 88.54-171.38 88.77-199.3.04-4.42-3.34-7.84-7.75-7.82zM287.98 302.6c12.82-18.85 27.6-35.78 44.09-50.52 19.09-18.61 39.58-33.3 60.26-45.18-16.44-70.5-51.72-133.05-96.73-172.22-4.11-3.58-11.02-3.58-15.14 0-44.99 39.14-80.27 101.63-96.74 172.07 20.37 11.7 40.5 26.14 59.22 44.39a282.768 282.768 0 0 1 45.04 51.46z\"><\/path><\/svg><\/div>\n\t\t\t\t\t\t<\/span>\n\t\t<\/div>\n\t\t\t\t\t\t<\/div>\n\t\t\t\t<\/div>\n\t\t\t\t\t<\/div>\n\t\t<\/div>\n\t\t\t\t\t<\/div>\n\t\t<\/section>\n\t\t\t\t<section class=\"elementor-section elementor-top-section elementor-element elementor-element-nryssd7 elementor-section-content-middle elementor-reverse-mobile elementor-section-boxed elementor-section-height-default elementor-section-height-default\" data-id=\"nryssd7\" data-element_type=\"section\" data-e-type=\"section\" data-settings=\"{&quot;background_background&quot;:&quot;classic&quot;}\">\n\t\t\t\t\t\t\t<div class=\"elementor-background-overlay\"><\/div>\n\t\t\t\t\t\t\t<div class=\"elementor-container elementor-column-gap-default\">\n\t\t\t\t\t<div class=\"elementor-column elementor-col-100 elementor-top-column elementor-element elementor-element-217dcf5\" data-id=\"217dcf5\" data-element_type=\"column\" data-e-type=\"column\">\n\t\t\t<div class=\"elementor-widget-wrap elementor-element-populated\">\n\t\t\t\t\t\t<div class=\"elementor-element elementor-element-92ee5db elementor-widget elementor-widget-heading\" data-id=\"92ee5db\" data-element_type=\"widget\" data-e-type=\"widget\" data-widget_type=\"heading.default\">\n\t\t\t\t<div class=\"elementor-widget-container\">\n\t\t\t\t\t<h5 class=\"elementor-heading-title elementor-size-default\">Mis meid eristab?<\/h5>\t\t\t\t<\/div>\n\t\t\t\t<\/div>\n\t\t\t\t<div class=\"elementor-element elementor-element-f4d1248 elementor-widget elementor-widget-heading\" data-id=\"f4d1248\" data-element_type=\"widget\" data-e-type=\"widget\" data-widget_type=\"heading.default\">\n\t\t\t\t<div class=\"elementor-widget-container\">\n\t\t\t\t\t<h2 class=\"elementor-heading-title elementor-size-default\">Naked Spiritis v\u00e4\u00e4rtustame j\u00e4tkusuutlikku ja teadlikku l\u00e4henemist moele, luues ilu, mis kestab kauem kui m\u00f6\u00f6duvad trendid<\/h2>\t\t\t\t<\/div>\n\t\t\t\t<\/div>\n\t\t\t\t<div class=\"elementor-element elementor-element-980e24a elementor-widget elementor-widget-text-editor\" data-id=\"980e24a\" data-element_type=\"widget\" data-e-type=\"widget\" data-widget_type=\"text-editor.default\">\n\t\t\t\t<div class=\"elementor-widget-container\">\n\t\t\t\t\t\t\t\t\t<h4>Aeglane mood p\u00fcsiva m\u00f5ju saavutamiseks<\/h4><p>Meie kollektsioonid on hoolikalt l\u00e4bim\u00f5eldud, pakkudes ajatut disaini, mis p\u00fcsib hooajaliste trendide k\u00f5rval v\u00e4\u00e4rikalt ja kauakestvalt.<\/p><h4>Teadlik Luksus<\/h4><p>Kasutame ainult 100% Mulberry siidi, mis on tuntud oma luksusliku tekstuuri ja vastupidavuse poolest. Valides selle loodusliku ja biolaguneva materjali, tagame, et meie loomingust ei \u00f5hku mitte ainult elegantsi, vaid see on koosk\u00f5las ka s\u00e4\u00e4stvate tavadega. Mooruspuu siid on toodetud minimaalse keskkonnam\u00f5juga, mist\u00f5ttu on see vastutustundlik valik teadliku luksuse jaoks.<\/p><h4>\u00a0J\u00e4\u00e4tmevaba tootmine<\/h4><p>Me l\u00e4heneme siidile kui erakordselt v\u00e4\u00e4rtuslikule materjalile ja oleme p\u00fchendunud selle vastutustundlikule kasutamisele. Iga kangat\u00fckki kasutatakse t\u00e4ielikult \u00e4ra, lisades siidij\u00e4\u00e4ke v\u00e4iksematesse kujundustesse v\u00f5i aksessuaaridesse, tagades, et midagi ei l\u00e4he raisku. See j\u00e4\u00e4tmevaba l\u00e4henemisviis peegeldab meie lugupidamist materjalide ja iga kimono kunstilisuse vastu\u00a0<\/p><h4>\u00d6kos\u00f5bralikud tehnoloogiad<\/h4><p>Digitaalseks tr\u00fckkimiseks kasutame k\u00f5rgetasemelist tehnoloogiat, mittetoksiliste tintide ja v\u00e4rvainetega.\u00a0<\/p><h4>Teadlik tarbimine<\/h4><p>Naked Spiritis usume teadlikku tarbimisse. Sa lood pikaajalise suhte meie kimonoga ja v\u00e4\u00e4rtustad teda kui olulist tegelast. Selline suhtumine igasse ostu on h\u00e4\u00e4l j\u00e4tkusuutlikuma tuleviku poole.<\/p><p><strong>Tule meiega kaasa teekonnale teadlikuma ja ilusama homse poole.<\/strong><\/p>\t\t\t\t\t\t\t\t<\/div>\n\t\t\t\t<\/div>\n\t\t\t\t\t<\/div>\n\t\t<\/div>\n\t\t\t\t\t<\/div>\n\t\t<\/section>\n\t\t\t\t<\/div>","protected":false},"excerpt":{"rendered":"<p>J\u00e4tkusuutlikkus Siin on see, mis meid teistest eristab. Naked Spiritis oleme teadlikud arengud j\u00e4tkusuutlikuma ja teadlikuma moek\u00e4sitluse suunas. Aeglane mood p\u00fcsivaks m\u00f5juks Meie kollektsioonid on hoolikalt kureeritud. See tagab ajatud disainid, mis \u00fcletavad p\u00f5gusaid trende. Teadlik luksus Kasutame ainult 100% Mulberry siidi, mis on tuntud oma luksusliku tekstuuri ja [\u2026]<\/p>","protected":false},"author":8,"featured_media":0,"parent":0,"menu_order":0,"comment_status":"closed","ping_status":"closed","template":"elementor_header_footer","meta":{"_acf_changed":false,"site-sidebar-layout":"no-sidebar","site-content-layout":"page-builder","ast-site-content-layout":"full-width-container","site-content-style":"unboxed","site-sidebar-style":"unboxed","ast-global-header-display":"","ast-banner-title-visibility":"","ast-main-header-display":"","ast-hfb-above-header-display":"","ast-hfb-below-header-display":"","ast-hfb-mobile-header-display":"","site-post-title":"disabled","ast-breadcrumbs-content":"disabled","ast-featured-img":"disabled","footer-sml-layout":"","theme-transparent-header-meta":"enabled","adv-header-id-meta":"","stick-header-meta":"default","header-above-stick-meta":"","header-main-stick-meta":"","header-below-stick-meta":"","astra-migrate-meta-layouts":"set","ast-page-background-enabled":"default","ast-page-background-meta":{"desktop":{"background-color":"var(--ast-global-color-4)","background-image":"","background-repeat":"repeat","background-position":"center center","background-size":"auto","background-attachment":"scroll","background-type":"","background-media":"","overlay-type":"","overlay-color":"","overlay-opacity":"","overlay-gradient":""},"tablet":{"background-color":"","background-image":"","background-repeat":"repeat","background-position":"center center","background-size":"auto","background-attachment":"scroll","background-type":"","background-media":"","overlay-type":"","overlay-color":"","overlay-opacity":"","overlay-gradient":""},"mobile":{"background-color":"","background-image":"","background-repeat":"repeat","background-position":"center center","background-size":"auto","background-attachment":"scroll","background-type":"","background-media":"","overlay-type":"","overlay-color":"","overlay-opacity":"","overlay-gradient":""}},"ast-content-background-meta":{"desktop":{"background-color":"var(--ast-global-color-5)","background-image":"","background-repeat":"repeat","background-position":"center center","background-size":"auto","background-attachment":"scroll","background-type":"","background-media":"","overlay-type":"","overlay-color":"","overlay-opacity":"","overlay-gradient":""},"tablet":{"background-color":"var(--ast-global-color-5)","background-image":"","background-repeat":"repeat","background-position":"center center","background-size":"auto","background-attachment":"scroll","background-type":"","background-media":"","overlay-type":"","overlay-color":"","overlay-opacity":"","overlay-gradient":""},"mobile":{"background-color":"var(--ast-global-color-5)","background-image":"","background-repeat":"repeat","background-position":"center center","background-size":"auto","background-attachment":"scroll","background-type":"","background-media":"","overlay-type":"","overlay-color":"","overlay-opacity":"","overlay-gradient":""}},"footnotes":""},"class_list":["post-9946","page","type-page","status-publish","hentry"],"acf":[],"_links":{"self":[{"href":"https:\/\/nakedspirit.ee\/est\/wp-json\/wp\/v2\/pages\/9946","targetHints":{"allow":["GET"]}}],"collection":[{"href":"https:\/\/nakedspirit.ee\/est\/wp-json\/wp\/v2\/pages"}],"about":[{"href":"https:\/\/nakedspirit.ee\/est\/wp-json\/wp\/v2\/types\/page"}],"author":[{"embeddable":true,"href":"https:\/\/nakedspirit.ee\/est\/wp-json\/wp\/v2\/users\/8"}],"replies":[{"embeddable":true,"href":"https:\/\/nakedspirit.ee\/est\/wp-json\/wp\/v2\/comments?post=9946"}],"version-history":[{"count":3,"href":"https:\/\/nakedspirit.ee\/est\/wp-json\/wp\/v2\/pages\/9946\/revisions"}],"predecessor-version":[{"id":16357,"href":"https:\/\/nakedspirit.ee\/est\/wp-json\/wp\/v2\/pages\/9946\/revisions\/16357"}],"wp:attachment":[{"href":"https:\/\/nakedspirit.ee\/est\/wp-json\/wp\/v2\/media?parent=9946"}],"curies":[{"name":"wp","href":"https:\/\/api.w.org\/{rel}","templated":true}]}}