{"id":17179,"date":"2025-11-14T12:26:07","date_gmt":"2025-11-14T12:26:07","guid":{"rendered":"https:\/\/nakedspirit.ee\/?post_type=product&#038;p=17179"},"modified":"2025-12-20T07:57:54","modified_gmt":"2025-12-20T07:57:54","slug":"magic-in-you-giftbox","status":"publish","type":"product","link":"https:\/\/nakedspirit.ee\/est\/toode\/magic-in-you-giftbox\/","title":{"rendered":"\"Magic In You\" Kinkekarp"},"content":{"rendered":"<div data-elementor-type=\"product-post\" data-elementor-id=\"17179\" class=\"elementor elementor-17179\" data-elementor-post-type=\"product\">\n\t\t\t\t\t\t<section class=\"elementor-section elementor-top-section elementor-element elementor-element-7cff8eaa elementor-section-full_width elementor-section-height-default elementor-section-height-default\" data-id=\"7cff8eaa\" data-element_type=\"section\" data-e-type=\"section\">\n\t\t\t\t\t\t<div class=\"elementor-container elementor-column-gap-no\">\n\t\t\t\t\t<div class=\"elementor-column elementor-col-100 elementor-top-column elementor-element elementor-element-30a23f98\" data-id=\"30a23f98\" data-element_type=\"column\" data-e-type=\"column\">\n\t\t\t<div class=\"elementor-widget-wrap elementor-element-populated\">\n\t\t\t\t\t\t<section class=\"elementor-section elementor-inner-section elementor-element elementor-element-3f13291 elementor-section-full_width elementor-section-height-default elementor-section-height-default\" data-id=\"3f13291\" data-element_type=\"section\" data-e-type=\"section\">\n\t\t\t\t\t\t<div class=\"elementor-container elementor-column-gap-no\">\n\t\t\t\t\t<div class=\"elementor-column elementor-col-100 elementor-inner-column elementor-element elementor-element-33581fbd\" data-id=\"33581fbd\" data-element_type=\"column\" data-e-type=\"column\">\n\t\t\t<div class=\"elementor-widget-wrap elementor-element-populated\">\n\t\t\t\t\t\t<div class=\"elementor-element elementor-element-1ed94c61 elementor-widget-tablet__width-initial elementor-widget elementor-widget-heading\" data-id=\"1ed94c61\" data-element_type=\"widget\" data-e-type=\"widget\" data-widget_type=\"heading.default\">\n\t\t\t\t<div class=\"elementor-widget-container\">\n\t\t\t\t\t<h3 class=\"elementor-heading-title elementor-size-default\">Veel detaile<\/h3>\t\t\t\t<\/div>\n\t\t\t\t<\/div>\n\t\t\t\t<div class=\"elementor-element elementor-element-9aa8cb4 elementor-widget-divider--view-line elementor-widget elementor-widget-divider\" data-id=\"9aa8cb4\" data-element_type=\"widget\" data-e-type=\"widget\" data-widget_type=\"divider.default\">\n\t\t\t\t<div class=\"elementor-widget-container\">\n\t\t\t\t\t\t\t<div class=\"elementor-divider\">\n\t\t\t<span class=\"elementor-divider-separator\">\n\t\t\t\t\t\t<\/span>\n\t\t<\/div>\n\t\t\t\t\t\t<\/div>\n\t\t\t\t<\/div>\n\t\t\t\t\t<\/div>\n\t\t<\/div>\n\t\t\t\t\t<\/div>\n\t\t<\/section>\n\t\t\t\t\t<\/div>\n\t\t<\/div>\n\t\t\t\t\t<\/div>\n\t\t<\/section>\n\t\t\t\t<section class=\"elementor-section elementor-top-section elementor-element elementor-element-382bab4e elementor-section-full_width elementor-reverse-tablet elementor-reverse-mobile elementor-section-height-default elementor-section-height-default\" data-id=\"382bab4e\" data-element_type=\"section\" data-e-type=\"section\" data-settings=\"{&quot;background_background&quot;:&quot;classic&quot;}\">\n\t\t\t\t\t\t<div class=\"elementor-container elementor-column-gap-default\">\n\t\t\t\t\t<div class=\"elementor-column elementor-col-50 elementor-top-column elementor-element elementor-element-60b21a20\" data-id=\"60b21a20\" data-element_type=\"column\" data-e-type=\"column\">\n\t\t\t<div class=\"elementor-widget-wrap elementor-element-populated\">\n\t\t\t\t\t\t<div class=\"elementor-element elementor-element-4cab7aaa elementor-widget__width-initial elementor-widget elementor-widget-heading\" data-id=\"4cab7aaa\" data-element_type=\"widget\" data-e-type=\"widget\" data-widget_type=\"heading.default\">\n\t\t\t\t<div class=\"elementor-widget-container\">\n\t\t\t\t\t<h6 class=\"elementor-heading-title elementor-size-default\">product features <\/h6>\t\t\t\t<\/div>\n\t\t\t\t<\/div>\n\t\t\t\t<div class=\"elementor-element elementor-element-155d5c89 elementor-widget__width-initial elementor-widget elementor-widget-heading\" data-id=\"155d5c89\" data-element_type=\"widget\" data-e-type=\"widget\" data-widget_type=\"heading.default\">\n\t\t\t\t<div class=\"elementor-widget-container\">\n\t\t\t\t\t<h3 class=\"elementor-heading-title elementor-size-default\">Rituaal Naisele<\/h3>\t\t\t\t<\/div>\n\t\t\t\t<\/div>\n\t\t\t\t<div class=\"elementor-element elementor-element-105091f5 elementor-widget-divider--view-line elementor-widget elementor-widget-divider\" data-id=\"105091f5\" data-element_type=\"widget\" data-e-type=\"widget\" data-widget_type=\"divider.default\">\n\t\t\t\t<div class=\"elementor-widget-container\">\n\t\t\t\t\t\t\t<div class=\"elementor-divider\">\n\t\t\t<span class=\"elementor-divider-separator\">\n\t\t\t\t\t\t<\/span>\n\t\t<\/div>\n\t\t\t\t\t\t<\/div>\n\t\t\t\t<\/div>\n\t\t\t\t<div class=\"elementor-element elementor-element-d85472d elementor-widget__width-initial elementor-widget-tablet__width-initial elementor-widget elementor-widget-text-editor\" data-id=\"d85472d\" data-element_type=\"widget\" data-e-type=\"widget\" data-widget_type=\"text-editor.default\">\n\t\t\t\t<div class=\"elementor-widget-container\">\n\t\t\t\t\t\t\t\t\t<p><b><span data-sheets-root=\"1\">M\u00e4rkmik \"Be Yourself and Bloom\" <br \/><\/span><\/b>A5 suurus, joonelised lehed. Sobib suurep\u00e4raselt oma tunnete, unistuste v\u00f5i peidetud emotsioonide v\u00e4ljakirjutamiseks. Siin sa ei pea olema t\u00e4iuslik. Siia ei pea kirjutama \u00f5igesti. \nSiin sa ei pea olema tugev ega kaitses \nSiin sa v\u00f5id lasta filtritel langeda ja lihtsalt olla nagu oled.<\/p><p class=\"p1\"><strong><span data-sheets-root=\"1\">Kaelaehe \"Vaikuse V\u00e4gi\"<\/span><br \/><\/strong>Ta meenutab sulle, et sul on juba olemas k\u00f5ik, mida vajad.\nTema tumedus ei varja, vaid s\u00fcvendab.\nTa aitab sul olla naine, kes seisab oma keskteljel  vaikselt, kindlalt, omas r\u00fctmis.<\/p><p class=\"p1\"><strong><span data-sheets-root=\"1\">Ka\u0161miirvillasegu pehmed sokid<\/span><br \/><\/strong>Ka\u0161miiri \/ villa \/ akr\u00fc\u00fcli segu. Seest karvastatud ja eriti pehmed. V\u00e4rv valitakse juhuslikult - valikus pastelsed toonid ja must.<\/p><p class=\"p1\"><strong><span data-sheets-root=\"1\">Siidist patsikummid<\/span><br \/><\/strong>Komplektis 2 tk, valmistatud k\u00f5rgekvaliteedilisest Mulberry siidist. V\u00e4rv valitakse juhuslikult - valikus kuldsed, bee\u017eid ja hallid mahedad toonid.<\/p><p class=\"p1\">\u00a0<\/p>\t\t\t\t\t\t\t\t<\/div>\n\t\t\t\t<\/div>\n\t\t\t\t\t<\/div>\n\t\t<\/div>\n\t\t\t\t<div class=\"elementor-column elementor-col-50 elementor-top-column elementor-element elementor-element-c507b95\" data-id=\"c507b95\" data-element_type=\"column\" data-e-type=\"column\" data-settings=\"{&quot;background_background&quot;:&quot;classic&quot;}\">\n\t\t\t<div class=\"elementor-widget-wrap elementor-element-populated\">\n\t\t\t\t\t<div class=\"elementor-background-overlay\"><\/div>\n\t\t\t\t\t\t<div class=\"elementor-element elementor-element-f4bce5a elementor-widget elementor-widget-video\" data-id=\"f4bce5a\" data-element_type=\"widget\" data-e-type=\"widget\" data-settings=\"{&quot;video_type&quot;:&quot;vimeo&quot;,&quot;autoplay&quot;:&quot;yes&quot;,&quot;play_on_mobile&quot;:&quot;yes&quot;,&quot;loop&quot;:&quot;yes&quot;}\" data-widget_type=\"video.default\">\n\t\t\t\t<div class=\"elementor-widget-container\">\n\t\t\t\t\t\t\t<div class=\"elementor-wrapper elementor-open-inline\">\n\t\t\t<iframe class=\"elementor-video-iframe\" allowfullscreen allow=\"autoplay\" title=\"vimeo videopleier\" src=\"https:\/\/player.vimeo.com\/video\/1138467726?autoplay=1&amp;playsinline=1&amp;color&amp;autopause=0&amp;loop=1&amp;muted=0&amp;title=0&amp;portrait=0&amp;byline=0#t=\"><\/iframe>\t\t<\/div>\n\t\t\t\t\t\t<\/div>\n\t\t\t\t<\/div>\n\t\t\t\t\t<\/div>\n\t\t<\/div>\n\t\t\t\t\t<\/div>\n\t\t<\/section>\n\t\t\t\t<\/div>","protected":false},"excerpt":{"rendered":"<h3><strong>\u201cMagic In You\u201d Kinkekarp<\/strong><\/h3>\n<p>Selles karbis on midagi enamat kui asjad.<br \/>\nSiia on peidetud pehmus, p\u00f5nevus, ilu ja kohalolu.<br \/>\nSee on ruum, kuhu saad hetkeks siseneda ja olla ainult enda jaoks.<br \/>\nIga ese siin karbis on valitud selleks, et sa saaksid tunda end hoituna, n\u00e4htuna ja ilusana.<br \/>\nSee on aeg ainult sulle, et usuksid maagiasse iseendas!<\/p>\n<h3>Kinkekarbist leiad:<\/h3>\n<h3>1. M\u00e4rkmik \"Be Yourself and Bloom\"<\/h3>\n<p>Stiilne A5 formaadis m\u00e4rkmik, millel on matt must kaas ning Naked Spiriti originaalne kaanekujundus.<br \/>\nSisaldab eesti keelset spetsiaalset sisulehte, mis kutsub sind kirjutama iseendast: oma tunnetest, unistustest ja sisemisest ilust.<\/p>\n<h3>2. Kaelaehe \"Vaikuse V\u00e4gi\" musta graniidi ja kuldse s\u00fcmboliga<\/h3>\n<p>Elegantne ehe, mille keskmes on must graniit:  kivim, mis kannab maanduse ja sisemise tugevuse sagedust.<br \/>\nEhtele on lisatud kuldne detail, mis s\u00fcmboliseerib tasakaalu ja naiselikku j\u00f5udu.<br \/>\nEhe toetab sind hetkedel, mil vajad keskmes p\u00fcsimist.<\/p>\n<h3>3. Ka\u0161miiri-villasegu sokid<\/h3>\n<p>\u00dclipehmed, soojad ja luksuslikud sokid, mis paitavad jalgu ning sobivad ideaalselt rahulike hetkede nautimiseks kodus.<br \/>\nValitud just selleks, et tunneksid end hoituna ja mugavalt.<\/p>\n<h3>4. Mulberry siidist patsikummide kpl (2tk)<\/h3>\n<p>Valmistatud puhtast, k\u00f5rgeima klassi Mulberry siidist. Siidine tekstuur hoiab juukseid \u00f5rnalt, ilma neid katki t\u00f5mbamata.<br \/>\nSobivad nii juustesse kui ka aksessuaarina randmel.<\/p>\n<p><strong>Elegantselt pakendatud kaunisse kinkekarpi,<\/strong>, ideaalne kingitus v\u00f5i luksushetk iseendale.<br \/>\nPalun kirjuta kingisaaja nimi \"m\u00e4rkuste\" lahtrisse kassa lehel, siis saame kaardile p\u00fchenduse kirjutada!<\/p>\n<p><strong>Tarne Eestis 1-2 p\u00e4eva<\/strong><\/p>\n<h3><\/h3>\n<h3><\/h3>","protected":false},"featured_media":17196,"comment_status":"open","ping_status":"closed","template":"","meta":{"_acf_changed":false,"site-sidebar-layout":"default","site-content-layout":"page-builder","ast-site-content-layout":"default","site-content-style":"default","site-sidebar-style":"default","ast-global-header-display":"","ast-banner-title-visibility":"","ast-main-header-display":"","ast-hfb-above-header-display":"","ast-hfb-below-header-display":"","ast-hfb-mobile-header-display":"","site-post-title":"disabled","ast-breadcrumbs-content":"","ast-featured-img":"disabled","footer-sml-layout":"","theme-transparent-header-meta":"default","adv-header-id-meta":"","stick-header-meta":"default","header-above-stick-meta":"","header-main-stick-meta":"","header-below-stick-meta":"","astra-migrate-meta-layouts":"set","ast-page-background-enabled":"default","ast-page-background-meta":{"desktop":{"background-color":"var(--ast-global-color-4)","background-image":"","background-repeat":"repeat","background-position":"center center","background-size":"auto","background-attachment":"scroll","background-type":"","background-media":"","overlay-type":"","overlay-color":"","overlay-opacity":"","overlay-gradient":""},"tablet":{"background-color":"","background-image":"","background-repeat":"repeat","background-position":"center center","background-size":"auto","background-attachment":"scroll","background-type":"","background-media":"","overlay-type":"","overlay-color":"","overlay-opacity":"","overlay-gradient":""},"mobile":{"background-color":"","background-image":"","background-repeat":"repeat","background-position":"center center","background-size":"auto","background-attachment":"scroll","background-type":"","background-media":"","overlay-type":"","overlay-color":"","overlay-opacity":"","overlay-gradient":""}},"ast-content-background-meta":{"desktop":{"background-color":"var(--ast-global-color-5)","background-image":"","background-repeat":"repeat","background-position":"center center","background-size":"auto","background-attachment":"scroll","background-type":"","background-media":"","overlay-type":"","overlay-color":"","overlay-opacity":"","overlay-gradient":""},"tablet":{"background-color":"var(--ast-global-color-5)","background-image":"","background-repeat":"repeat","background-position":"center center","background-size":"auto","background-attachment":"scroll","background-type":"","background-media":"","overlay-type":"","overlay-color":"","overlay-opacity":"","overlay-gradient":""},"mobile":{"background-color":"var(--ast-global-color-5)","background-image":"","background-repeat":"repeat","background-position":"center center","background-size":"auto","background-attachment":"scroll","background-type":"","background-media":"","overlay-type":"","overlay-color":"","overlay-opacity":"","overlay-gradient":""}}},"product_brand":[],"product_cat":[48],"product_tag":[],"class_list":{"0":"post-17179","1":"product","2":"type-product","3":"status-publish","4":"has-post-thumbnail","6":"product_cat-gift-box","7":"desktop-align-left","8":"tablet-align-left","9":"mobile-align-left","10":"ast-product-gallery-layout-horizontal","11":"ast-product-tabs-layout-distributed","13":"first","14":"instock","15":"shipping-taxable","16":"purchasable","17":"product-type-simple"},"supplier_id":null,"supplier_sku":"","barcode":null,"atum_controlled":true,"out_stock_date":null,"out_stock_threshold":null,"inheritable":false,"inbound_stock":0,"stock_on_hold":0,"sold_today":0,"sales_last_days":0,"reserved_stock":0,"customer_returns":0,"warehouse_damage":0,"lost_in_post":0,"other_logs":0,"out_stock_days":0,"lost_sales":0,"has_location":false,"update_date":"2026-04-17T04:48:10","atum_locations":[],"atum_stock_status":"instock","restock_status":false,"low_stock_amount":"","sales_update_date":"2026-04-17T04:48:10","calc_backorders":null,"acf":[],"_links":{"self":[{"href":"https:\/\/nakedspirit.ee\/est\/wp-json\/wp\/v2\/product\/17179","targetHints":{"allow":["GET"]}}],"collection":[{"href":"https:\/\/nakedspirit.ee\/est\/wp-json\/wp\/v2\/product"}],"about":[{"href":"https:\/\/nakedspirit.ee\/est\/wp-json\/wp\/v2\/types\/product"}],"replies":[{"embeddable":true,"href":"https:\/\/nakedspirit.ee\/est\/wp-json\/wp\/v2\/comments?post=17179"}],"version-history":[{"count":5,"href":"https:\/\/nakedspirit.ee\/est\/wp-json\/wp\/v2\/product\/17179\/revisions"}],"predecessor-version":[{"id":17250,"href":"https:\/\/nakedspirit.ee\/est\/wp-json\/wp\/v2\/product\/17179\/revisions\/17250"}],"wp:featuredmedia":[{"embeddable":true,"href":"https:\/\/nakedspirit.ee\/est\/wp-json\/wp\/v2\/media\/17196"}],"wp:attachment":[{"href":"https:\/\/nakedspirit.ee\/est\/wp-json\/wp\/v2\/media?parent=17179"}],"wp:term":[{"taxonomy":"product_brand","embeddable":true,"href":"https:\/\/nakedspirit.ee\/est\/wp-json\/wp\/v2\/product_brand?post=17179"},{"taxonomy":"product_cat","embeddable":true,"href":"https:\/\/nakedspirit.ee\/est\/wp-json\/wp\/v2\/product_cat?post=17179"},{"taxonomy":"product_tag","embeddable":true,"href":"https:\/\/nakedspirit.ee\/est\/wp-json\/wp\/v2\/product_tag?post=17179"}],"curies":[{"name":"wp","href":"https:\/\/api.w.org\/{rel}","templated":true}]}}